mmon divisor of 194348064 and 1948.
1948
What is the greatest common factor of 147 and 24757985?
49
What is the highest common factor of 14 and 12914825?
7
Calculate the greatest common divisor of 123399618 and 2364.
1182
Calculate the highest common divisor of 20102017 and 319.
29
Calculate the greatest common divisor of 972195 and 517.
47
Calculate the greatest common factor of 26243424 and 504.
72
Calculate the highest common factor of 7048943 and 9367.
551
Calculate the highest common divisor of 316071 and 303282.
1827
Calculate the highest common factor of 2860670 and 43380.
2410
What is the greatest common divisor of 1688 and 280?
8
Calculate the greatest common factor of 22 and 36163886.
22
What is the highest common divisor of 9836340 and 3195?
1065
Calculate the highest common divisor of 279 and 27834993.
279
What is the highest common factor of 3826666 and 83317?
493
What is the greatest common factor of 69488 and 5689936?
1616
Calculate the highest common divisor of 58912 and 217.
7
What is the highest common factor of 231 and 4639845?
21
What is the highest common factor of 401509827 and 11268?
2817
What is the greatest common divisor of 3918223 and 698?
349
Calculate the highest common divisor of 2602048829 and 31.
31
Calculate the highest common divisor of 6947200 and 128.
128
What is the highest common divisor of 10888 and 1810130?
2722
Calculate the highest common divisor of 20 and 773895.
5
What is the greatest common factor of 218538 and 2028?
6
What is the highest common factor of 211749538 and 1430?
286
Calculate the greatest common divisor of 16764 and 17029176.
1524
Calculate the greatest common factor of 136827 and 42368778.
5949
What is the greatest common divisor of 29562 and 165126?
78
What is the highest common factor of 17 and 101578315?
17
What is the greatest common divisor of 25012385 and 115?
115
Calculate the highest common divisor of 5422868 and 4884.
1628
What is the greatest common factor of 1060 and 776360?
20
Calculate the greatest common divisor of 166910 and 180710.
10
Calculate the greatest common divisor of 6232 and 140056.
328
What is the greatest common divisor of 220 and 51684215?
55
Calculate the greatest common factor of 1433102 and 6.
2
Calculate the greatest common divisor of 2570859 and 6936.
51
What is the highest common divisor of 847152 and 93906?
1998
Calculate the greatest common divisor of 5945 and 242105.
205
What is the highest common divisor of 3706 and 705884?
218
What is the greatest common factor of 8020967 and 371?
53
Calculate the highest common divisor of 16186775 and 8800.
275
What is the highest common factor of 35190 and 193936?
782
What is the greatest common divisor of 3323909 and 14089?
73
Calculate the greatest common divisor of 302511 and 7953.
33
Calculate the greatest common divisor of 30075545 and 14795.
1345
Calculate the greatest common divisor of 9552249 and 22032.
1377
Calculate the highest common factor of 13217904 and 74025.
2961
What is the greatest common divisor of 76952 and 168457547?
9619
What is the greatest common factor of 2686 and 156440698?
2686
Calculate the highest common factor of 133075816 and 15440.
1544
Calculate the highest common divisor of 88545 and 209685.
15
Calculate the greatest common factor of 113492512 and 224.
224
Calculate the highest common divisor of 10161 and 1714951.
1129
What is the highest common factor of 49950 and 182928?
222
What is the greatest common factor of 7714 and 99835806?
406
What is the greatest common divisor of 109098970 and 130?
10
Calculate the greatest common factor of 19188697 and 5962.
2981
Calculate the highest common divisor of 143613 and 357939.
729
Calculate the highest common divisor of 2045711 and 18224.
67
Calculate the highest common divisor of 399 and 2376349.
19
What is the highest common divisor of 169942986 and 54?
18
What is the greatest common divisor of 27285 and 59415?
255
Calculate the greatest common factor of 956803 and 291991.
59
Calculate the greatest common factor of 355 and 55100.
5
Calculate the highest common divisor of 5172 and 137160.
12
What is the highest common divisor of 548 and 29378280?
548
Calculate the greatest common divisor of 93459707 and 268.
67
Calculate the highest common factor of 8500 and 6378500.
500
What is the highest common divisor of 46345497 and 7733?
407
What is the greatest common factor of 293972 and 83636?
28
What is the highest common divisor of 32451995 and 169250?
3385
What is the greatest common factor of 165067163 and 55610?
5561
Calculate the greatest common divisor of 22481088 and 315.
21
What is the highest common divisor of 66 and 4050294?
6
What is the greatest common factor of 172218 and 2826?
6
What is the highest common factor of 122727474 and 522?
18
What is the greatest common divisor of 348586 and 854?
14
Calculate the greatest common divisor of 21552 and 43777500.
5388
Calculate the highest common divisor of 46 and 85365834.
46
Calculate the greatest common divisor of 136 and 35791834.
34
Calculate the greatest common divisor of 26035845 and 99.
33
Calculate the highest common divisor of 1152553 and 92.
23
What is the greatest common divisor of 372224 and 25956808?
5816
Calculate the highest common divisor of 2614024 and 154.
14
Calculate the highest common divisor of 8320 and 38914304.
1664
What is the greatest common divisor of 310 and 10197760?
310
What is the highest common factor of 8237464 and 18672?
3112
Calculate the highest common factor of 3383272 and 8228.
68
What is the highest common divisor of 14083836 and 468?
156
What is the highest common factor of 209 and 87347271?
11
Calculate the greatest common factor of 31765 and 845.
5
Calculate the highest common divisor of 17489110 and 130.
10
What is the greatest common factor of 238071550 and 50?
50
Calculate the highest common factor of 5101734 and 2414.
34
What is the greatest common factor of 1152 and 15053328?
144
What is the highest common divisor of 546930 and 27435?
885
What is the greatest common factor of 300 and 59569000?
100
Calculate the greatest common factor of 4040283 and 34941.
1839
Calculate the highest common factor of 108284691 and 1401.
1401
Calculate the highest common divisor of 2668 and 1150430.
58
What is the greatest common divisor of 4439792 and 720?
16
What is the highest common divisor of 4868351 and 2056?
257
Calculate the highest common factor of 55443154 and 4.
2
Calculate the highest common factor of 51 and 29257.
17
What is the greatest common factor of 3134495 and 1365?
455
Calculate the greatest common divisor of 5256437 and 4837.
691
Calculate the greatest common factor of 62169338 and 707.
707
Calculate the highest common factor of 52590816 and 9504.
864
Calculate the greatest common divisor of 34810234 and 4.
2
What is the highest common divisor of 97841380 and 280?
140
Calculate the highest common divisor of 67072580 and 120.
20
What is the highest common factor of 8676352 and 592?
592
What is the greatest common divisor of 41775356 and 28?
28
What is the highest common factor of 3503 and 70804?
31
What is the greatest common factor of 2031506 and 4?
2
Calculate the greatest common divisor of 4114727 and 4566.
761
Calculate the greatest common divisor of 3258435 and 15.
15
What is the highest common factor of 348 and 2669740?
116
What is the highest common divisor of 76 and 127779484?
76
Calculate the highest common divisor of 4661877 and 330.
33
What is the highest common divisor of 54 and 59183379?
27
What is the highest common factor of 97152655 and 905?
905
Calculate the highest common divisor of 42350 and 1493100.
350
Calculate the greatest common divisor of 1105 and 1063961405.
1105
What is the highest common factor of 1629445 and 1670?
5
Calculate the highest common divisor of 76117455 and 180.
45
What is the greatest common divisor of 6633 and 719103?
33
What is the highest common factor of 872 and 283481096?
872
Calculate the highest common factor of 247 and 6028529.
247
What is the highest common divisor of 48 and 96052192?
16
What is the highest common factor of 755771971 and 57522?
9587
What is the greatest common factor of 7565 and 1264694005?
7565
What is the greatest common divisor of 20264 and 217815203?
2533
What is the g